04?
1053
In base 13, what is -20a1 + -4?
-20a5
In base 2, what is 100 - 10011111?
-10011011
In base 2, what is -1 - -110011?
110010
In base 4, what is 0 + -20332?
-20332
In base 2, what is -100 - -11011110?
11011010
In base 16, what is -95 - 0?
-95
In base 4, what is -31010 - -1?
-31003
In base 6, what is -15220 + -3?
-15223
In base 9, what is 10763 - -5?
10768
In base 12, what is 2 + 87a?
880
In base 3, what is -21202 - 111?
-22020
In base 4, what is -3 - 101320?
-101323
In base 10, what is 210 - 3?
207
In base 6, what is -3 + 34220?
34213
In base 14, what is -d + 1a?
b
In base 4, what is -2201 + 0?
-2201
In base 6, what is -2 - -423?
421
In base 8, what is -211 + -5?
-216
In base 3, what is 22101 - -10?
22111
In base 12, what is -4a + 14?
-36
In base 9, what is -321 + -3?
-324
In base 11, what is -6385 - -4?
-6381
In base 14, what is 6 + 3a?
42
In base 3, what is -2101 + 2?
-2022
In base 15, what is -91 + 5?
-8b
In base 10, what is -1 + -100?
-101
In base 12, what is 900 - 5?
8b7
In base 12, what is -24 - 44?
-68
In base 6, what is -153 - 24?
-221
In base 6, what is -144 + -1?
-145
In base 3, what is -102 - -1021?
212
In base 9, what is -1 + -28?
-30
In base 2, what is 10100100001 + -10?
10100011111
In base 6, what is 4 + 21?
25
In base 16, what is -1e5 - -5?
-1e0
In base 6, what is 1 + -12203?
-12202
In base 9, what is -106 + -1?
-107
In base 6, what is -11 + 42?
31
In base 8, what is 4 + -235?
-231
In base 2, what is -1 - -10100111?
10100110
In base 12, what is 6 + -4a?
-44
In base 3, what is 100 + 2002?
2102
In base 13, what is -8cb + 2?
-8c9
In base 3, what is 1100020 + -202?
1022111
In base 5, what is 2 - -1134?
1141
In base 14, what is 69 - -4?
6d
In base 16, what is 13 - 94?
-81
In base 3, what is 1011 + -20?
221
In base 16, what is 2 + 284?
286
In base 6, what is -22 + 35?
13
In base 16, what is -3 + 18ef?
18ec
In base 14, what is 11 - -699?
6aa
In base 9, what is 136 + 1?
137
In base 15, what is -30a - 6?
-311
In base 10, what is 4 - -59?
63
In base 8, what is -3 - 334?
-337
In base 7, what is 115 + -6?
106
In base 11, what is 3 - -216?
219
In base 3, what is 110221 + 12?
111010
In base 6, what is -230 + -2?
-232
In base 11, what is 5 - -213?
218
In base 8, what is 15553 + -5?
15546
In base 7, what is 2152 + 4?
2156
In base 14, what is 4c9 - 1?
4c8
In base 9, what is -54 - -2?
-52
In base 9, what is -76 + 2?
-74
In base 6, what is 40154 + 2?
40200
In base 4, what is 11 - 1100?
-1023
In base 7, what is 4605 + -1?
4604
In base 4, what is 11 + -1113?
-1102
In base 6, what is -3 - 21?
-24
In base 8, what is -50201 + 0?
-50201
In base 11, what is -2 - -699?
697
In base 4, what is 13001 - 22?
12313
In base 3, what is 202021 + -11?
202010
In base 8, what is -10552 - 1?
-10553
In base 4, what is 2 + -220?
-212
In base 3, what is 121 - 11012?
-10121
In base 12, what is 2 + 3a4?
3a6
In base 3, what is 1210 + 110?
2020
In base 9, what is -13 - 15?
-28
In base 3, what is -2201 - 101100?
-111001
In base 4, what is -32020 + 1?
-32013
In base 3, what is 12200 + 10?
12210
In base 8, what is -56 - -4?
-52
In base 6, what is -100 - 2?
-102
In base 15, what is 4 - 1e5?
-1e1
In base 11, what is 0 - 250?
-250
In base 3, what is -1210 - -21?
-1112
In base 7, what is 4 - 231?
-224
In base 4, what is 111 - -1130?
1301
In base 14, what is 1 + -91?
-90
In base 16, what is f + a?
19
In base 11, what is 2 + -17a?
-178
In base 7, what is -2 + -24?
-26
In base 6, what is -5 - 24?
-33
In base 9, what is -1 + -1270?
-1271
In base 3, what is 10 - 11?
-1
In base 8, what is -125 + 102?
-23
In base 9, what is 8 - 230?
-221
In base 3, what is -1022 - 0?
-1022
In base 2, what is -11 - -10000000100?
10000000001
In base 11, what is -4 + 134?
130
In base 7, what is -20 - -33?
13
In base 10, what is -4 + 37?
33
In base 11, what is -2 + 74?
72
In base 4, what is -10 - -212?
202
In base 10, what is 6 + -12?
-6
In base 10, what is 507 - -4?
511
In base 7, what is 2204 - 3?
2201
In base 15, what is -1 + -6b9?
-6ba
In base 12, what is -31 + 3?
-2a
In base 15, what is -29 + 0?
-29
In base 4, what is -1 + -10202?
-10203
In base 6, what is 23 + -13?
10
In base 8, what is 5715 + 5?
5722
In base 3, what is -20 + 202012?
201222
In base 12, what is 3 - -1331?
1334
In base 3, what is -2220 + -10?
-10000
In base 14, what is -4 + -8c?
-92
In base 3, what is -11 + 20002001?
20001220
In base 12, what is -626 + -2?
-628
In base 3, what is -210 - 120011?
-120221
In base 4, what is 10 - 20312?
-20302
In base 16, what is 111 - 2?
10f
In base 11, what is -2 + 37?
35
In base 14, what is -d + -aca?
-ad9
In base 15, what is 109 + -5?
104
In base 3, what is 0 + -2102?
-2102
In base 6, what is -15 + -205?
-224
In base 9, what is -2 + 50?
47
In base 2, what is 1000 + -1111?
-111
In base 5, what is -4 - -20?
11
In base 6, what is -1 + -1303?
-1304
In base 15, what is 2 + 16b?
16d
In base 4, what is -212202 - 0?
-212202
In base 14, what is 4a1 - 2?
49d
In base 10, what is -372 - 1?
-373
In base 6, what is 1 - 145?
-144
In base 12, what is -3 + b?
8
In base 9, what is 370 - 3?
366
In base 6, what is 34 - 0?
34
In base 5, what is -41 + -122?
-213
In base 4, what is 0 + 1220?
1220
In base 8, what is -13 + -152?
-165
In base 3, what is 10 + -202220?
-202210
In base 10, what is -13 - 258?
-271
In base 12, what is -4 + 1019?
1015
In base 7, what is 141 + 51?
222
In base 4, what is -3 - -12101?
12032
In base 11, what is 204 - -2?
206
In base 2, what is 0 + 1011111010?
1011111010
In base 15, what is 8e - 1?
8d
In base 12, what is -3 - 0?
-3
In base 10, what is 306 + 3?
309
In base 8, what is 47 - 10?
37
In base 15, what is 13 - -2a?
3d
In base 5, what is 2431 + 111?
3042
In base 5, what is -2030 - -3?
-2022
In base 12, what is 10 - 21?
-11
In base 14, what is -6 - 1?
-7
In base 14, what is c85 + -2?
c83
In base 11, what is -70 - 1a?
-8a
In base 5, what is 122 - 3?
114
In base 13, what is -11 + 4b?
3a
In base 5, what is 2343 - 0?
2343
In base 4, what is -2 - 10320?
-10322
In base 10, what is 44 + 7?
51
In base 4, what is 1001202 - -10?
1001212
In base 12, what is 5 - 305?
-300
In base 15, what is 39d - 2?
39b
In base 2, what is 10100001011 + -110?
10100000101
In base 8, what is -1 - -60?
57
In base 11, what is 50 - 0?
50
In base 12, what is 674 + -3?
671
In base 14, what is 4 + 60a?
610
In base 15, what is 2 + -2e?
-2c
In base 8, what is 56305 + -4?
56301
In base 5, what is -3 - -11?
3
In base 10, what is 12 + 23?
35
In base 2, what is -100 + 1110?
1010
In base 9, what is 341 - 0?
341
In base 13, what is -74aa - -5?
-74a5
In base 16, what is -3 - 198?
-19b
In base 6, what is 20 + -103?
-43
In base 10, what is 17 - -19?
36
In base 8, what is -241 + -10?
-251
In base 7, what is 42 + 4?
46
In base 13, what is aa + 0?
aa
In base 8, what is -140 + 302?
142
In base 8, what is 4 - -13?
17
In base 6, what is 2 + 340?
342
In base 4, what is 23222 - 13?
23203
In base 3, what is -1021220 + 0?
-1021220
In base 5, what is -40134 - 4?
-40143
In base 2, what is 1 + -1011001011101?
-1011001011100
In base 9, what is 3 + -702?
-688
In base 7, what is -101 + 12?
-56
In base 8, what is -1043 - 1?
-1044
In base 16, what is 86 + 0?
86
In base 4, what is 1 + 12123?
12130
In base 13, what is 2b + 1?
2c
In base 13, what is -1 + 56?
55
In base 11, what is -2 - -94?
92
In base 16, what is 0 - b?
-b
In base 3, what is 11220 - 11?
11202
In base 10, what is 10 - -206?
216
In base 7, what is -11552 + 4?
-11545
In base 2, what is 101 - 111011000111?
-111011000010
In base 3, what is -201000 + -22?
-201022
In base 14, what is -3 + -24b?
-250
In base 16, what is -69e - a?
-6a8
In base 13, what is -2a + c6?
99
In base 2, what is -101000000 - 11?
-101000011
In base 2, what is 10101011110000 + 0?
10101011110000
In base 16, what is -6c + 5?
-67
In base 15, what is ed + -4?
e9
In base 11, what is -65 + -2?
-67
In base 11, what is -342 + 2?
-340
In base 11, what is -363 - 4?
-367
In base 7, what is -1 + -2652?
-2653
In base 14, what is 5 - -30d2?
30d7
In base 13, what is 0 + 86?
86
In base 10, what is 360 - 4?
356
In base 7, what is 1044 + 116?
1163
In base 9, what is -284 - -4?
-280
In base 5, what is 12304 + 2?
12311
In base 7, what is 1 + -5?
-4
In base 6, what is -14334 - -4?
-14330
In base 4, what is 3 - -11230?
11233
In base 15, what is 2e -